{"id":17,"date":"2018-09-17T16:29:42","date_gmt":"2018-09-17T16:29:42","guid":{"rendered":"http:\/\/datafolhacontabil.com.br\/?page_id=17"},"modified":"2019-04-17T15:03:28","modified_gmt":"2019-04-17T15:03:28","slug":"about","status":"publish","type":"page","link":"http:\/\/www.datafolhacontabil.com.br\/?page_id=17","title":{"rendered":"Servi\u00e7os"},"content":{"rendered":"<div class=\"col-md-6 col-sm-6 col-xs-12\">\n<div class=\"about-img-area wow fadeInDown animated animated animated animated animated\" style=\"visibility: visible; animation-delay: 0.4s; animation-name: fadeInDown;\" data-wow-delay=\"0.4s\"><img class=\"img-responsive\" src=\"http:\/\/datafolhacontabil.com.br\/wp-content\/plugins\/spicebox\/inc\/spicepress\/images\/about\/about.jpg\" alt=\"Image\" \/><\/div>\n<\/div>\n<div class=\"col-md-6 col-sm-6 col-xs-12 wow fadeInDown animated animated animated animated animated\" style=\"visibility: visible; animation-delay: 0.4s; animation-name: fadeInDown;\" data-wow-delay=\"0.4s\">\n<h1>Servi\u00e7os<\/h1>\n<p>Rela\u00e7\u00e3o de nossos servi\u00e7os fornecidos:<\/p>\n<ul>\n<li><strong>CONT\u00c1BIL<\/strong><\/li>\n<li><strong>FISCAL<\/strong><\/li>\n<li><strong>TRABALHISTA \/ PREVIDENCI\u00c1RIA<\/strong><\/li>\n<li><strong>IMPOSTO DE RENDA<\/strong><\/li>\n<li><strong>SOCIET\u00c1RIA<\/strong><\/li>\n<li><strong>SERVI\u00c7OS ONLINE \/ INTEGRA\u00c7\u00c3O ONLINE COM O\u00a0<\/strong><b>ESCRIT\u00d3RIO<\/b><\/li>\n<\/ul>\n<\/div>\n","protected":false},"excerpt":{"rendered":"<p>Servi\u00e7os Rela\u00e7\u00e3o de nossos servi\u00e7os fornecidos: CONT\u00c1BIL FISCAL TRABALHISTA \/ PREVIDENCI\u00c1RIA IMPOSTO DE RENDA SOCIET\u00c1RIA SERVI\u00c7OS ONLINE \/ INTEGRA\u00c7\u00c3O ONLINE COM O\u00a0ESCRIT\u00d3RIO<\/p>\n","protected":false},"author":1,"featured_media":0,"parent":0,"menu_order":0,"comment_status":"closed","ping_status":"closed","template":"","meta":[],"_links":{"self":[{"href":"http:\/\/www.datafolhacontabil.com.br\/index.php?rest_route=\/wp\/v2\/pages\/17"}],"collection":[{"href":"http:\/\/www.datafolhacontabil.com.br\/index.php?rest_route=\/wp\/v2\/pages"}],"about":[{"href":"http:\/\/www.datafolhacontabil.com.br\/index.php?rest_route=\/wp\/v2\/types\/page"}],"author":[{"embeddable":true,"href":"http:\/\/www.datafolhacontabil.com.br\/index.php?rest_route=\/wp\/v2\/users\/1"}],"replies":[{"embeddable":true,"href":"http:\/\/www.datafolhacontabil.com.br\/index.php?rest_route=%2Fwp%2Fv2%2Fcomments&post=17"}],"version-history":[{"count":4,"href":"http:\/\/www.datafolhacontabil.com.br\/index.php?rest_route=\/wp\/v2\/pages\/17\/revisions"}],"predecessor-version":[{"id":54,"href":"http:\/\/www.datafolhacontabil.com.br\/index.php?rest_route=\/wp\/v2\/pages\/17\/revisions\/54"}],"wp:attachment":[{"href":"http:\/\/www.datafolhacontabil.com.br\/index.php?rest_route=%2Fwp%2Fv2%2Fmedia&parent=17"}],"curies":[{"name":"wp","href":"https:\/\/api.w.org\/{rel}","templated":true}]}}